3*n - 14. Let h(p) = p + 1. Let u(d) = i*h(d) + c(d). Is u(-6) prime?
False
Let w = -273 - -422. Is w a composite number?
False
Let i = 1249 + -758. Is i composite?
False
Let i(l) = l**3 - 3*l**2 - 3*l. Let n be i(4). Suppose -n*u - u + 95 = 0. Is u a composite number?
False
Suppose -45 = s - 256. Is s a composite number?
False
Let r(l) = -l**3 + 3*l**2. Let f be r(3). Let i(o) = o + 23 - 2*o + 0*o. Is i(f) a composite number?
False
Let n be (-4)/(-14) + 54/7. Let h = -6 + n. Suppose 0 = 5*z + h*b + 105 - 364, 3*b - 256 = -5*z. Is z a prime number?
True
Let r(u) = u**3 - 6*u**2 + u + 3. Let o be r(4). Let q = -35 - -21. Let s = q - o. Is s composite?
False
Let a = -158 + 296. Let x = a - -125. Is x a prime number?
True
Suppose 6704 = 4*w - 3*g, -5*w + 5*g + 4200 = -4175. Is w prime?
False
Let r be 2/(-8) - (-577)/4. Suppose -4*i - 5*q + 111 = -42, 4*i = 4*q + r. Is i a prime number?
True
Let z = 3 - 2. Let w be (-1 - 0)*-1 + z. Suppose -w*v + v = -33. Is v a prime number?
False
Let a be 3 - (9 + (3 - 2)). Let l(i) = -11*i**2 - i + 4 + 5 - 4*i - 2*i**3. Is l(a) prime?
True
Let m(p) = -3*p**3 - 4. Is m(-3) prime?
False
Suppose 2*l + 1490 = 7*l. Is l prime?
False
Let y(d) = -3*d**2 - 2*d + 4. Let q be y(-4). Is (q - -2)/(4 - 5) a prime number?
False
Suppose -15 = -5*y, y = -2*b + 6*y + 3679. Is b prime?
True
Suppose -2*q + q = 0. Suppose q = -3*j + x + 168, -3*j - 5*x = -4*j + 70. Is j a prime number?
False
Is -2 + (-5)/5 - -254 composite?
False
Let r(w) = 4*w**3 + w**2 - 3*w - 67. Let c(z) = -7*z**3 - 2*z**2 + 5*z + 134. Let a(l) = 3*c(l) + 5*r(l). Is a(0) prime?
True
Suppose -l - 8 = 4*g, 0 = 2*g - 5*g - 2*l - 6. Let r be (-4)/8 - 17/g. Let p = 6 + r. Is p a composite number?
True
Let s(b) = -b**2 - 25*b - 25. Is s(-13) composite?
False
Let h(u) = -2*u**3 - 5*u**2 + 2*u. Is h(-5) prime?
False
Let j(v) = -3*v**3 - 8*v**2 - 2*v + 5. Let b be j(-5). Suppose -5*x + 445 = -b. Is x a composite number?
False
Let j(b) = 237*b - 2. Let f be j(1). Suppose 4*r = -r + f. Is r prime?
True
Suppose -2*y + 4*q - 42 - 104 = 0, 2*y = -q - 171. Let h = y - -288. Is h composite?
True
Suppose 0 = -0*k - 2*k + 12. Suppose 5*x = 4 + k. Let b = x - -87. Is b a prime number?
True
Let q = 141 + -57. Let s = q - -37. Is s a composite number?
True
Let g(p) = 7*p**3 - 2*p + 1. Let l be g(2). Let d = -36 + l. Suppose -47 = -2*w - d. Is w a prime number?
False
Let m be 0/((-1 - -3)/2). Suppose m*s - 2*s = -184. Suppose 2*i + s = 6*i. Is i prime?
True
Let f = -2 - -8. Let i(s) = 10*s - 3. Is i(f) prime?
False
Let d(r) be the third derivative of -13*r**8/6720 - r**7/2520 - r**6/720 + r**4/12 + 2*r**2. Let u(h) be the second derivative of d(h). Is u(-1) prime?
True
Let o(q) = -q**3 - 1. Let n(l) = -7*l**3 + l**2 + l - 7. Let b(g) = -n(g) + 6*o(g). Let t be b(0). Is (t + 6)*(0 - -1) composite?
False
Let k be (-77)/(-21) + 1/3. Suppose 16 = 4*v, -2*i = -i + k*v - 165. Is i prime?
True
Suppose 58*q - 61*q + 3453 = 0. Is q a prime number?
True
Let d(v) = v**2 + 7*v - 5. Let s(i) = -i**3 + 5*i**2 - 3*i - 4. Let u be s(3). Is d(u) a composite number?
True
Let u(m) = 2*m**2 + 3*m. Let b be u(-2). Suppose 5*j = b*j + 72. Is 4*3/j*22 a prime number?
True
Let i(a) = -a**3 + 7*a**2 + 9*a + 2. Suppose -11 - 17 = -4*p. Is i(p) a prime number?
False
Suppose -2*i = -5*z + 1805, 2*z - 4*i + 0*i = 738. Is z a prime number?
True
Let m(i) = i**3 + 4*i**2 - 9*i - 7. Let p be m(-6). Let v = 256 + -370. Let f = p - v. Is f prime?
True
Suppose -3 = -o, -2*p + 3*o + 175 = 2*o. Is p a prime number?
True
Let j(u) = 3*u**3 + 2*u**2 - 6*u + 1. Is j(6) a prime number?
False
Suppose 0 = x + x - 28. Suppose 0 = 4*b - 5*b + x. Is b prime?
False
Let n = 3802 - 2613. Is n composite?
True
Suppose 2*d - 4*y + 6 = 0, -5*y + 14 = 5*d - 31. Suppose 4*v = -d*r - 6, -r + v = -3*r. Suppose -q - 64 = -r*k + q, 5*k + 3*q = 152. Is k a composite number?
False
Let j = -4 + 7. Let g be 2/6*j + 2. Suppose -4*h = -g*z + 101, 2*h = -z - 3*z + 120. Is z composite?
False
Suppose 1194 = 5*k + 3*j, 4*k + 2*j - 643 - 311 = 0. Is k a composite number?
True
Let r = -587 + 1038. Is r a prime number?
False
Let a(u) = -83*u - 23. Is a(-8) a composite number?
False
Suppose -3*h = -0*h - 6. Suppose -h*k = -0*k - 70. Is k prime?
False
Is (-2)/(-4)*(-5)/(5/(-586)) a composite number?
False
Let b = 418 + -27. Is b prime?
False
Suppose 2*r = -3*p - 15, 0*r + 5 = 3*r - p. Let l be 9 + -8 - (29 + r). Is (-5)/2*l/2 a prime number?
False
Let y(f) = 5 + 3 - 12 - 1 + 29*f. Suppose -5*x - 6 = n, 0 = -5*n + 2*x + 22 + 2. Is y(n) composite?
True
Let w(n) = -n**2 + n - 7*n - 6 - 2*n. Let y be w(-6). Is ((-69)/y)/((-1)/2) prime?
True
Suppose 19 = 4*m + 7. Suppose -5*a = -0*a + 5*r, 32 = m*a - 5*r. Suppose -15 = a*o - 51. Is o a composite number?
True
Let s(y) = 18*y**2 - 6*y - 10. Is s(-4) prime?
False
Suppose 0 = -3*i - 3*n + 129, -105 = -3*i - 0*n + 3*n. Is i prime?
False
Let h = 102 + -35. Is h a prime number?
True
Let u = 7 + -8. Is u/(3*(-2)/4890) composite?
True
Let j(w) = 15*w**2 + 4*w - 1. Let x(s) = 46*s**2 + 13*s - 2. Let b(p) = 7*j(p) - 2*x(p). Is b(2) composite?
False
Let q be -4*1/(2/(-1)). Suppose q*p + 0*p - 1114 = 0. Is p composite?
False
Let z = 269 + 20. Is z a composite number?
True
Let p(c) = -c**2 - 6*c - 2. Let m be p(-5). Let a be (-9)/6*(-128)/m. Let r = a + -5. Is r prime?
True
Is (11792/24 + 4)/(4/6) prime?
True
Suppose k + 178 = 3*k. Is k prime?
True
Let f(r) = -158*r - 1. Is f(-3) prime?
False
Let y(t) = -t - 5 - 2 + 3. Let z be y(-5). Suppose -7 - z = -2*x. Is x composite?
True
Let j(t) = t**3 + 6*t - 5. Suppose 5*u - 20 = 0, 2*o - 5*u = 6*o - 36. Let k be j(o). Suppose 4*x + 415 = 6*f - f, -f = 5*x - k. Is f composite?
False
Suppose -4*v - 5*l + 9 = -26, -v = l - 9. Suppose -3*s = -68 - v. Is s a composite number?
True
Is 2/(6 + -2)*74 a prime number?
True
Suppose -3*q + 5*g - 3 = -27, 3*q + 5*g + 6 = 0. Let t = q + -4. Let p = 1 - t. Is p a composite number?
False
Suppose 40 = 3*g - 44. Suppose 3*j = g + 29. Is j prime?
True
Let n(a) = -a + 339. Let h be n(0). Suppose -5*t + 206 + h = 0. Is t composite?
False
Let f(s) be the third derivative of 11*s**5/60 - s**4/24 + s**3/6 + 12*s**2. Let v = -7 + 5. Is f(v) a composite number?
False
Let a be (2 + 4)/((-6)/4). Is ((-755)/4 + 3)*a composite?
False
Suppose r + 67 = 2*r. Is r prime?
True
Let s = 232 + -135. Is s prime?
True
Let z be 1 - (1 - 0) - -1. Is (-3)/6*(-106)/z a prime number?
True
Suppose 3*r = -y + 1071, -y + 1080 = 3*r - 3*y. Is r prime?
False
Let z(b) be the third derivative of 0 + 1/60*b**6 + 0*b - 1/12*b**5 - 1/6*b**4 - 3*b**2 + 1/2*b**3. Is z(4) composite?
True
Let m = -11 - 7. Let r = m - -25. Is r prime?
True
Suppose -10819 = -5*c + 1366. Is c prime?
True
Let o(f) = -9*f - 7. Let v(g) = -8*g - 7. Let r(d) = -4*o(d) + 3*v(d). Suppose -25 = -2*b - 3*b. Is r(b) a prime number?
True
Suppose -m = -0*h + 3*h - 875, 2*h + 8 = 0. Is m prime?
True
Suppose 0*v = 7*v - 7539. Is v a prime number?
False
Let z be (18/(-4))/(9/(-48)). Suppose 3*p - 9 = -4*k - z, k + 5*p + 25 = 0. Suppose -b + 3*b - 38 = k. Is b a composite number?
False
Let p = 9 + 61. Suppose -z = -3*z + p. Is z a prime number?
False
Suppose a + 28 = 5*w, -1 = w + 3*a + 3. Suppose -3*u = -w*u + 106. Is u composite?
False
Let z be (16/(-6))/(6/(-9)). Let k(d) = -15*d + 4. Let n be k(z). Let w = n + 78. Is w a prime number?
False
Suppose -3*r = -4*r + 416. Let h = -231 + r. Is h prime?
False
Let i be -2*2 - -1 - -3. Suppose t = -i*t. Is (-38 + t)/((-4)/6) composite?
True
Suppose -3572 = -4*w - 7*l + 3*l, l = 4*w - 3552. Is w a composite number?
True
Suppose 0 = -3*r - 2*w + 5397, 0*r + 3*r = -4*w + 5391. Is r composite?
False
Suppose -2*t + 6*t = -8. Let d(p) = -3*p**2 + 9*p - 3. Let r(c) = -16*c**2 + 44*c - 14. Let g(l) = t*r(l) + 11*d(l). Is g(9) prime?
True
Suppose 0 = 6*b - 4*b + 114. Let v = -22 - 14. Let t = v - b. Is t a composite number?
True
Let a(y) = 155*y + 4. Let p be a(-3). Let z = 1014 + p. Is z composite?
True
Suppose 2*f + 34 = -12. Let t = f + 150. Is t a composite number?
False
Is ((-1473)/(-12))/(2/8) prime?
True
Suppose 0 = 2*d - 474 - 168. Is d prime?
False
Suppose 5*n = 2*n + i + 4, -2*n - i = -6. Suppose -3*a + n*v - 373 = 0, a + 0*a - v + 125 = 0. Let c = 242 + a. Is c composite